 is the remainder when 678781 is divided by 4643?
903
Calculate the remainder when 1983471 is divided by 6419.
0
Calculate the remainder when 4925308 is divided by 1641735.
103
What is the remainder when 5021376 is divided by 178?
174
Calculate the remainder when 72207 is divided by 2188.
3
What is the remainder when 389363 is divided by 4372?
255
Calculate the remainder when 895158 is divided by 63937.
40
What is the remainder when 1578891 is divided by 2019?
33
Calculate the remainder when 11148100 is divided by 884.
860
What is the remainder when 10798563 is divided by 331?
19
Calculate the remainder when 1534212 is divided by 118009.
95
What is the remainder when 3983052 is divided by 367?
1
What is the remainder when 1316233 is divided by 86?
3
Calculate the remainder when 8080266 is divided by 986.
982
What is the remainder when 4403397 is divided by 71022?
33
Calculate the remainder when 67077 is divided by 33508.
61
What is the remainder when 43994676 is divided by 26?
24
What is the remainder when 11361679 is divided by 36?
7
Calculate the remainder when 512689 is divided by 6928.
17
Calculate the remainder when 11063263 is divided by 1695.
1693
What is the remainder when 11859 is divided by 4802?
2255
What is the remainder when 86897 is divided by 86503?
394
Calculate the remainder when 59625496 is divided by 1465.
1461
Calculate the remainder when 608314 is divided by 606495.
1819
Calculate the remainder when 3995006 is divided by 31960.
6
What is the remainder when 11810766 is divided by 2567?
2566
Calculate the remainder when 6968778 is divided by 185.
13
What is the remainder when 4082211 is divided by 20411?
11
Calculate the remainder when 8499667 is divided by 222.
175
What is the remainder when 2258329 is divided by 63?
31
What is the remainder when 542556 is divided by 5319?
18
What is the remainder when 49627 is divided by 629?
565
Calculate the remainder when 3248078 is divided by 143.
119
What is the remainder when 54375 is divided by 18109?
48
Calculate the remainder when 134497045 is divided by 38.
35
Calculate the remainder when 251871 is divided by 214.
207
Calculate the remainder when 1603522 is divided by 78.
76
Calculate the remainder when 2643721 is divided by 10014.
25
What is the remainder when 189917677 is divided by 20?
17
Calculate the remainder when 19525994 is divided by 260.
254
Calculate the remainder when 25773018 is divided by 980.
978
What is the remainder when 2325636 is divided by 155036?
96
What is the remainder when 25045121 is divided by 1361?
1360
Calculate the remainder when 4478502 is divided by 45.
12
Calculate the remainder when 10015066 is divided by 130.
126
Calculate the remainder when 99014 is divided by 19743.
299
Calculate the remainder when 9065410 is divided by 120872.
10
What is the remainder when 403941406 is divided by 4929?
4927
What is the remainder when 109456 is divided by 4941?
754
What is the remainder when 88150 is divided by 11758?
5844
Calculate the remainder when 215729726 is divided by 15.
11
Calculate the remainder when 124409 is divided by 61902.
605
Calculate the remainder when 2657351 is divided by 1464.
191
What is the remainder when 9459273 is divided by 219983?
4
What is the remainder when 223391 is divided by 3385?
3366
What is the remainder when 68393914 is divided by 12?
10
What is the remainder when 523992 is divided by 11906?
128
Calculate the remainder when 107024 is divided by 36.
32
Calculate the remainder when 3428768 is divided by 1907.
1889
What is the remainder when 2847013 is divided by 1300?
13
Calculate the remainder when 743540 is divided by 1352.
1292
What is the remainder when 233920 is divided by 745?
735
What is the remainder when 1285737 is divided by 642426?
885
Calculate the remainder when 678230 is divided by 470.
20
What is the remainder when 18546859 is divided by 2404?
2403
Calculate the remainder when 1714538 is divided by 74542.
72
What is the remainder when 3964599 is divided by 2413?
40
What is the remainder when 11636310 is divided by 383?
4
What is the remainder when 1292920 is divided by 174?
100
Calculate the remainder when 3418829 is divided by 40.
29
What is the remainder when 4600133 is divided by 228?
5
Calculate the remainder when 45581 is divided by 485.
476
What is the remainder when 1728743 is divided by 641?
607
What is the remainder when 32630181 is divided by 3446?
7
What is the remainder when 23916356 is divided by 11958169?
18
What is the remainder when 15200796 is divided by 3800162?
148
What is the remainder when 561789 is divided by 18726?
9
What is the remainder when 68054489 is divided by 2268482?
29
Calculate the remainder when 120709 is divided by 10972.
17
What is the remainder when 194510 is divided by 64709?
383
Calculate the remainder when 624222 is divided by 82.
38
What is the remainder when 134131 is divided by 1285?
491
Calculate the remainder when 14644681 is divided by 395802.
7
What is the remainder when 76638 is divided by 125?
13
What is the remainder when 112390 is divided by 138?
58
What is the remainder when 52332827 is divided by 31?
22
What is the remainder when 651426 is divided by 2826?
1446
What is the remainder when 51264 is divided by 1306?
330
Calculate the remainder when 20955 is divided by 6062.
2769
What is the remainder when 38709 is divided by 7344?
1989
What is the remainder when 791724 is divided by 443?
83
What is the remainder when 5481777 is divided by 127483?
8
What is the remainder when 967915 is divided by 52?
39
What is the remainder when 1107334 is divided by 52?
46
What is the remainder when 2168485 is divided by 2036?
145
What is the remainder when 1011655139 is divided by 6983?
6980
What is the remainder when 84616446 is divided by 385?
376
Calculate the remainder when 24089991 is divided by 778.
777
Calculate the remainder when 7722014 is divided by 6314.
6306
What is the remainder when 33628711 is divided by 35?
11
What is the remainder when 3171153 is divided by 6?
3
What is the remainder when 15116318 is divided by 2592?
2366
Calculate the remainder when 327615 is divided by 275.
90
Calculate the remainder when 1188670 is divided by 151.
149
Calculate the remainder when 113455 is divided by 145.
65
Calculate the remainder when 23479 is divided by 22744.
735
What is the remainder when 2837013 is divided by 25?
13
What is the remainder when 120419 is divided by 162?
53
Calculate the remainder when 614214 is divided by 2062.
1800
What is the remainder when 485099 is divided by 2095?
1154
Calculate the remainder when 25923565 is divided by 2764.
9
Calculate the remainder when 721854 is divided by 13.
3
What is the remainder when 677134 is divided by 375?
259
What is the remainder when 3857747 is divided by 906?
905
Calculate the remainder when 1012251 is divided by 4576.
955
Calculate the remainder when 7240282 is divided by 2413427.
1
Calculate the remainder when 66066068 is divided by 3957.
3953
What is the remainder when 18896963 is divided by 107?
14
What is the remainder when 58877 is divided by 11?
5
What is the remainder when 1316060 is divided by 3355?
900
What is the remainder when 1910849 is divided by 6349?
6149
What is the remainder when 40296 is divided by 8035?
121
What is the remainder when 1058193 is divided by 211581?
288
Calculate the remainder when 3032767 is divided by 81938.
1061
Calculate the remainder when 1685479 is divided by 561693.
400
Calculate the remainder when 3171016 is divided by 792724.
120
Calculate the remainder when 92042 is divided by 3407.
53
What is the remainder when 95610 is divided by 7353?
21
What is the remainder when 37763341 is divided by 3179?
0
What is the remainder when 79587 is divided by 4183?
110
Calculate the remainder when 811533 is divided by 88.
85
What is the remainder when 3704401 is divided by 264599?
15
Calculate the remainder when 2139109 is divided by 2138785.
324
What is the remainder when 943946 is divided by 1337?
24
What is the remainder when 708577 is divided by 151?
85
What is the remainder when 198345 is divided by 5214?
213
What is the remainder when 1856436 is divided by 1645?
876
Calculate the remainder when 35725 is divided by 11904.
13
Calculate the remainder when 12774475 is divided by 3903